g + 15. Let z = -4779 - -4782. What is b(z)?
-9
Let p(g) = -3*g + 2. Let v(w) = w - 14. Let h be v(13). Let x be 0/(4 - 7) - h. Let n(d) = d. Let j(m) = x*p(m) + 2*n(m). Determine j(6).
-4
Suppose -b + 0 = -2. Suppose -6 = -4*f + l, -5*f - 2*l = -27 + 13. Let r(s) = b + 2*s**2 - s - 4 - s**f. Give r(3).
4
Let t(m) = 6*m**3 + 205*m**2 - 14*m + 4. Let r(p) = -7*p**3 - 245*p**2 + 17*p - 3. Let a(o) = 5*r(o) + 6*t(o). Suppose -5 = -4*i - 25. What is a(i)?
4
Let m(l) = l - 13. Let v be m(-5). Let d be (-5 - 0) + (-15 - v). Let p(t) = -2*t**3 - 3*t**2 - 2*t - 2. Calculate p(d).
6
Let r(q) = 12*q + 1. Let u(g) = g. Let b(s) = -r(s) + 5*u(s). Let j be ((-6)/8)/(81/(-108)). Determine b(j).
-8
Let n = -182 + 187. Let b(w) = 63*w**2 + 3 - w - 58*w**2 + n*w + w**3. Determine b(-5).
-17
Let i(n) = n**3 + 24*n**2 + 21*n - 5. Suppose -3309 = -362*w - 302*w - 18581. What is i(w)?
41
Suppose 0*l - 2*l - 8 = 0. Let w(z) = -z**2 + 40 - 25*z + 24*z - 41. Calculate w(l).
-13
Suppose -102 = 22*y - 10*y + 5*y. Let c(j) = -j**3 - 5*j**2 + 6*j - 12. What is c(y)?
-12
Let k be (-7)/1 - -1 - 3952/(-304). Let y(d) = -3*d**2 + 2*d**2 + 12*d - 8 - 6*d. Give y(k).
-15
Let h = 536 + -534. Let g be -5 + (h - (3 - 16)). Let s(c) = -c**3 + 9*c**2 + 10*c + 6. Give s(g).
6
Let p = 11 - 9. Let u(y) = -y**3 - 8*y**p - 104*y - 1 + 3*y**2 + 99*y. Calculate u(-4).
3
Let y(q) = -13*q**2 + 567*q + 27. Let k(h) = -3*h**2 + 127*h + 7. Let o(r) = -9*k(r) + 2*y(r). Let w(g) = -g + 3. Let c be w(-6). Determine o(c).
-9
Let i = 943 + -933. Let p(b) = -19*b + 174. Determine p(i).
-16
Let c(f) = -f**2 - 7*f - 8. Suppose -196 = h - 192. Let s be (-38)/h + 12/(-8). Suppose 2*b + 12 + s = -2*p, 0 = p - 3*b + 2. Calculate c(p).
-16
Let c(o) = 4*o - 34. Let u(w) = -3*w + 15. Let m(f) = -2*c(f) - 3*u(f). Give m(-11).
12
Let x(p) = -8*p**3 + 27*p**2 - 17*p + 30. Let l be x(3). Let b(s) be the second derivative of -s**3/3 + 9*s**2/2 - s. What is b(l)?
-3
Let i(u) = 11*u - 1. Let p be (-3)/(-12) - -7*(-69)/12. Let a = 47 + p. Suppose -2*q - 5*k + 1 + 7 = 0, -q - 4*k + a = 0. Determine i(q).
-12
Let y(o) = o + 6. Let i be y(0). Let b be ((-50)/(-8))/((-80)/(-64)). Let m(f) = i + 2*f**2 + 3 + b*f**3 + 6 - 16. What is m(1)?
6
Let x = 3586 - 3586. Let v(u) = -u**3 + 2*u**2 + 2*u + 40. What is v(x)?
40
Let g be 3/15 - (-10 - 252/(-35)). Let j(y) = y**2 - 2*y + 2. Let t(k) = 3*k**2 - 6*k + 7. Let d(m) = 7*j(m) - 2*t(m). What is d(g)?
3
Let i(v) = -6*v**2 + 3*v. Let k(y) = 29*y**2 - 17*y + 16. Let t(m) = 5*i(m) + k(m). Determine t(4).
-8
Let j(n) = 23*n - 151783 + 151783. Give j(-1).
-23
Let m(t) = 7*t - 336. Let c(z) = -7*z + 271. Let g(l) = 4*c(l) + 3*m(l). What is g(10)?
6
Suppose 0 = 11*z - 10*z + 3, -5*z = -q + 17. Let p be ((-388)/(-485))/(q/(-65)). Let c(h) = h**2 + 24*h - 56. Give c(p).
-4
Let r = -1535 - -1548. Let f(p) = 3*p - 12. Give f(r).
27
Let p be 9 + 42/(-35)*-20. Suppose -3*r = -h - 10 + 29, -5*r - p = -3*h. Let k(d) = d**3 + 5*d**2 - 4*d + 4. Determine k(r).
-8
Suppose 3*u - 60 = -u. Let b be u/(-35) + 1 + (-6)/(-14). Let h be b/((-4)/22 - 1/55). Let x(f) = -f**2 - 7*f - 4. Determine x(h).
6
Let h(a) be the second derivative of a**7/2520 - a**6/90 - a**5/20 + a**4/2 - 5*a**3/6 + 54*a. Let c(w) be the third derivative of h(w). Give c(7).
-13
Let x(i) = 42*i - 7. Suppose 2 = -2*c + 4*g, -4 = 4*c - g - 14. Let l be x(c). Let m(b) = -116 + 3*b - 4*b + l. Determine m(0).
3
Let y(z) = -3*z - 3*z - 5 - 7 - 2*z. Let m be y(-1). Let s(o) = 4*o**3 - 3*o**2 + 10*o + 2. Let p(l) = l**3 + l. Let f(u) = 5*p(u) - s(u). What is f(m)?
2
Let z(k) = -k - 10. Suppose -4*b - 2*x = -20, -2*b = 4*x + 5 - 9. Calculate z(b).
-16
Let q(y) = 11*y**2 - 1. Suppose 0 = -12*d - 339 + 3. Let j be (-4)/d - ((-32)/(-28))/1. Give q(j).
10
Let h(q) be the first derivative of q**4/4 + 8*q**3/3 + 11*q**2 + 107*q - 165. Let l be h(-7). Let i(r) = r**3 - r - 3. What is i(l)?
3
Suppose 332 = 332*i - 334*i. Let d = i + 166. Let c(o) = o**2 - o + 7. Calculate c(d).
7
Let l(o) = 18*o**2 + 2*o - 2. Let t(j) = j**2 - 243*j + 1191. Let z be t(5). Calculate l(z).
18
Let o(m) be the first derivative of 2*m**3/3 + 51*m**2/2 + 70*m + 5547. Give o(-24).
-2
Suppose -3*o = -3*a - 24, -285*a + 290*a = -30. Let q(y) = 2 + y**2 + 0 - 6. Calculate q(o).
0
Let u(c) be the first derivative of c**3 - 47*c**2/2 + 70*c + 11451. Calculate u(14).
0
Let z(w) = w**2 - 7*w - 7. Let j(d) = d**3 + 20*d**2 + 14*d - 63. Let m be j(-19). Suppose -3*t = t - m. Give z(t).
1
Let h(m) be the first derivative of m**2/2 - 13*m + 1066. Let j(t) = 3*t**2 + 9*t + 9. Let l be j(-3). Calculate h(l).
-4
Let y(a) = a**2 + 3*a. Let s = 18 - 42. Let c be (-3 - 9/(-6))/(9/s). Suppose -c*u = -0*u + 8. Calculate y(u).
-2
Let j(f) be the third derivative of f**5/40 + 5*f**4/24 + 9*f**3 + 4*f**2. Let k(w) be the first derivative of j(w). What is k(7)?
26
Suppose 4*j - 2*a + 824 = 2*a, -3*j = -2*a + 622. Let v = 214 + j. Let f(x) = x**2 - 2*x + 1. Determine f(v).
9
Let z be (12/10)/(12/210) - 1. Let s(b) = z - b**2 + b - 4*b**2 - b**2 - 28 + b**3. Give s(6).
-2
Let p(v) = -v + 5. Suppose 39*f + 13395 = 54*f. Let r = 888 - f. Determine p(r).
10
Let c(z) = z**2 - 4*z - 7. Let b be c(5). Suppose -4*t - 5 = 11, -3*m = -t - 22. Let h be 10/15 - b/m. Let o(r) = -10*r + 1. Give o(h).
-9
Let c(p) = 374*p - 130*p - 2 - 123*p - 125*p. Let u(n) = -n**3 + 5*n**2 + 2*n - 7. Let v be u(5). Give c(v).
-14
Let n(q) be the third derivative of q**6/120 + 2*q**5/15 - 5*q**4/24 + 2*q**3/3 + 579*q**2. What is n(-9)?
-32
Suppose 0 = 2*t - 5*t - 3. Let r(v) = -16*v + 5. Let z(g) = 3*g - 2. Let j(s) = -3*r(s) - 7*z(s). What is j(t)?
-28
Let k(w) = w - 4. Suppose b = u + 32 + 71, -5*b = 10. Let n = 100 + u. Determine k(n).
-9
Let u(h) = 5*h**3 + 32*h**2 - 21*h + 6. Let w(j) = -7*j**3 - 33*j**2 + 28*j - 6. Let y(s) = 4*u(s) + 3*w(s). Calculate y(29).
6
Let f(y) = 1414*y + 0*y**2 + 1408*y - 2839*y - 10 + y**2. Determine f(16).
-26
Let l = 61 - 71. Let g be l/8 + (-4)/(-16) + -2. Let b(s) = 0 - 98*s + 0 + 99*s. Calculate b(g).
-3
Suppose -t - 10 = 2*h, -4*h = -2*t + 106 - 70. Let y(r) be the first derivative of 1/4*r**t + 16 - 2*r + 2*r**2 - 5/3*r**3. Give y(3).
-8
Let x(k) be the first derivative of k**3 + 67*k**2/2 - 40*k + 5682. What is x(-23)?
6
Let q(y) = 5*y**3 - 6*y**2 + 7*y - 2. Let h = -16 + 18. Let i(d) = -4*d**3 + 5*d**2 - 6*d + 2. Let b(u) = h*q(u) + 3*i(u). Determine b(2).
-10
Let p(k) = 4*k - 1. Let i(t) = 30*t - 3. Let s(f) = -i(f) + 4*p(f). Let c(v) = -11*v. Let l(a) = 4*c(a) - 3*s(a). Determine l(-2).
7
Let l(d) = 602*d - 3016. Let p be l(5). Let v(r) = -r**2 - 6*r - 2. What is v(p)?
-2
Let v(p) = p**3 + 10*p**2 + 5*p - 20. Let z be 62/(-10) - (-112)/560. What is v(z)?
94
Let j(y) = y**2 + 6*y - 8. Suppose 6*h + 19 = 7*h + 2*t, 2*h - 3*t = 52. Suppose 5*r + 40 = i, -4*r + h = -6*r - i. Determine j(r).
19
Let m(l) be the second derivative of -5*l**7/168 - l**5/120 - l**3/3 - 12*l**2 - 108*l. Let w(r) be the second derivative of m(r). Calculate w(-1).
26
Let x(d) = d**3 - 1 - 10 + 9*d**2 - 2*d**3 + 5*d**2. Let m be ((-54)/(-6) + (-584)/40)*(-15)/6. Determine x(m).
-11
Let p(v) = -1 + 19*v**3 - 5 + 15*v + 10*v**2 - 20*v**3 + 4. Let d be p(11). Let g(z) = 31 + 20 - d + z. Determine g(-5).
4
Let a(h) = -32*h + 196. Suppose -113 = 331*y - 2430. Calculate a(y).
-28
Suppose -245*u + 236*u = -36. Let w(l) = l**3 - 6*l**2 + 13*l - 18. Let h be w(u). Let r(y) = 4*y - 8. What is r(h)?
0
Let o(z) = -7*z. Suppose 15*m = -9*m - 19776. Let f = 830 + m. Calculate o(f).
-42
Let u(y) be the second derivative of y**5/60 + y**4/4 - 7*y**3/6 + 41*y**2/2 + 195*y. Let q(f) be the first derivative of u(f). Calculate q(-5).
-12
Let n(a) = 208*a**2 + 68*a + 224*a**2 + 228*a**2 - 662*a**2 - 189. What is n(31)?
-3
Let k = -53 - -55. Suppose 0 = -2*z + k*r + 2, -z + 0*z - 4*r = -16. Let t(j) = 8*j**2 + j**2 - 1 + 2*j - 5*j**2 + z. Give t(-2).
15
Let w(p) be the second derivative of -p**5/20 + 3*p**4/4 - 13*p**3/6 - 3*p**2/2 - 4541*p. Determine w(5).
32
Let b(p) = p**3 - 25*p**2 - 3*p + 60. Let d be 3*200/(-144)*-6. What is b(d)?
-15
Let c(b) be the first derivative of -b**3/3 - 4*b**2 - 4*b + 2175. Give c(-8).
-4
Let n(q) = -339*q - 1698. Let l be n(-5). Let w(v) = v**2 + 5*v + 23. Give w(l).
17
Let w(k) = k**3 - 6*k**